e remainder when 95 is divided by o?
23
Let j(g) = 9*g - 10*g + 16 + 7*g. Let p be j(7). Let b = p + -36. Calculate the remainder when 43 is divided by b.
21
Let k = -126 - -157. What is the remainder when k is divided by 5?
1
Suppose 0 = 4*n + 2*b + 3*b - 60, 15 = n - 5*b. Suppose -194 - 92 = -11*s. Calculate the remainder when s is divided by n.
11
Let c = 208 - 291. Let y = 100 + c. Calculate the remainder when 74 is divided by y.
6
Suppose 2*k + 0 = 32. Calculate the remainder when 1*(-141)/(1 + -4) is divided by k/(-2 - (-1 - 2)).
15
Let r(b) = -2*b - 8. Let c be r(-10). Calculate the remainder when c/(-8)*(-7)/((-21)/(-54)) is divided by 18.
9
Let k = 105 + 3. Suppose -8*j = 20 - k. Let c = 8 - 4. Calculate the remainder when j is divided by c.
3
Suppose 2 = -u + 2*u. Let v(s) = s + s**u + 4*s + 0 + 6 - s. Calculate the remainder when 21 is divided by v(-5).
10
Suppose z - 12 - 45 = h, -3*h - 3*z - 183 = 0. Suppose w + 5*w - 90 = 0. What is the remainder when h/(3 + -2 + -2) is divided by w?
14
Let p(l) = -6*l + 190. What is the remainder when 233 is divided by p(26)?
29
Calculate the remainder when 3/3 - 3 - -30 is divided by 11.
6
Suppose -9 = -3*d, 5*n - 4*d = 22 - 4. Let f(l) be the second derivative of -7*l**3/6 - 2*l**2 - 10*l. What is the remainder when f(-2) is divided by n?
4
Suppose -2*w = -5*w + 138. Let r(n) = -n**3 - 7*n**2 + 3*n + 3. Let t be r(-7). Let o = t + 34. Calculate the remainder when w is divided by o.
14
Let l = 1079 + -1038. Suppose 5*j = 5*a - 65, -3*a + 6*j - 2*j = -41. Calculate the remainder when l is divided by a.
8
Suppose 2*o - 31 = -11. Let u = -1339 - -1384. Calculate the remainder when u is divided by o.
5
Let g = 270 - 147. Calculate the remainder when g is divided by 22.
13
Suppose 3*d + 2*d - 147 = 2*g, -3*g = -3*d + 207. What is the remainder when 15 is divided by (-3)/(-6) - g/12?
3
Suppose 0*h + 3*h + 2*a = 13, a - 14 = -3*h. Let k = h + -13. Calculate the remainder when 61 is divided by (-4 + 1 - -1)*k.
13
Suppose z + 5 - 12 = 0. Let s = -7 + 12. Suppose -104 + 9 = -s*t. Calculate the remainder when t is divided by z.
5
Suppose 3*p - 4*m - 870 = 0, -3*m + 1138 = 4*p - m. What is the remainder when p is divided by 48?
46
Suppose -11*j + 16*j + 36 = c, -4*j = 16. What is the remainder when 94 is divided by c?
14
Let h(g) = -20*g - 50. Let a be h(-3). Let r = -1 + 2. Calculate the remainder when 26 is divided by a - -3*(r + -2).
5
Let v be ((-32)/6)/((-1)/18). Let x = v + -68. Calculate the remainder when x is divided by -4*(1 + 14/(-4)).
8
Suppose 9*q - 3*q = 408. What is the remainder when 242 is divided by q?
38
Suppose 5*q = 20 + 25. Let g(p) = -3*p - 2. Let y be 2/4 - (-25)/(-10). Calculate the remainder when q is divided by g(y).
1
Let s = 62 - 54. What is the remainder when 132 is divided by s?
4
Suppose -2*g + r + 66 = 13, -4*r - 108 = -4*g. Suppose -4*s + 19 = l, 3*s + 6*l - 2*l - 24 = 0. Calculate the remainder when g is divided by s.
2
Let u be ((-188)/16)/(-1*(-1)/4). Let a = u + 65. Calculate the remainder when (-942)/(-18) - (-4)/6 is divided by a.
17
Let r(m) = m**3 + 9*m**2 - 3*m - 22. Let l be r(-9). Suppose -x + 16 = -l. Let f(u) = u + 5. Calculate the remainder when x is divided by f(7).
9
Let i(s) = -s**2 - 11*s - 10. Calculate the remainder when -1*(-1 + 2)*-51 is divided by i(-4).
15
Let r(a) = -6 + 11 - 6 + a. Let h be r(7). Calculate the remainder when 33 is divided by 30*(h/(-5))/(-3).
9
Suppose -4 = -2*s + 2*l, 55 = 5*s - l + 5*l. Let c(b) = -b**2 + 7*b - 6. What is the remainder when s is divided by c(5)?
3
Suppose 0 = -3*t - 2*y + 268, 219 - 44 = 2*t + 5*y. Calculate the remainder when 182 is divided by t.
2
Suppose -2*g + 18 = -2*s, 0*s - 2*s = -4*g + 28. What is the remainder when 96 is divided by g*2/((-50)/(-165))?
30
What is the remainder when 0 + 0 + (9 - -105 - 10) is divided by 58?
46
Let h(m) = m**3 - 15*m**2 + 19*m + 25. What is the remainder when 180 is divided by h(14)?
85
What is the remainder when 227 is divided by (23/3)/((-7)/126*-6)?
20
Let z(c) = -28*c + 204. Calculate the remainder when 45 is divided by z(7).
5
Suppose -5*x = 0, 20*y - 22*y + 2*x + 118 = -0*x. Suppose 0 = -p - 4*f + 33, 3*p = 4*p + 2*f - 33. Calculate the remainder when y is divided by p.
26
Let t(p) = p + 4. Suppose -25 = -5*k, -2*k - 9 = -2*z + 11. What is the remainder when z is divided by t(5)?
6
Let q = 43 + -40. Suppose q*t = -3*b + 132, -3*b - 2*b + 190 = -5*t. Suppose 0 = -3*c + 11 + 22. What is the remainder when b is divided by c?
8
Let s(d) = -2*d - 1. Let j be s(0). What is the remainder when (-105)/((-15)/(-3))*j is divided by 12?
9
Let f(y) = -y**3 - 8*y**2 - 8*y + 4. Let v = -10 + 2. Calculate the remainder when f(v) is divided by -4 - -1*(18 - 0).
12
Let q(d) = d**2 - 2*d - 1. Let t = 7366 + -7312. Calculate the remainder when t is divided by q(5).
12
Suppose 0 = -r + 4*r - 168. Suppose -4*x = d - 424, 19*d - 18*d = 2*x - 212. What is the remainder when x is divided by r?
50
Suppose -186 = 8*c - 9*c. Let b = -156 + c. Calculate the remainder when 146 is divided by b.
26
Let b be (-38)/(-4) + (-1)/2. Suppose -l = -b*l + 96. What is the remainder when 141 is divided by l?
9
Let c(f) = 3 + 1 + 7*f**2 + 6*f**3 + 6*f - 5*f**3. Let j be c(-6). What is the remainder when 43 is divided by ((-368)/(-24))/(j/6)?
20
Suppose d = -2*d - 5*q + 315, 2*d + 5*q = 210. Suppose 25 - d = -5*s. What is the remainder when 78 is divided by s?
14
Let t = 222 - 214. Calculate the remainder when 166 is divided by t.
6
Let g(u) = 2*u + 143. What is the remainder when g(16) is divided by 18?
13
Let x(i) = -i**3 - 16*i**2 + 16*i - 161. Calculate the remainder when x(-18) is divided by 5.
4
Suppose -4917 = -6*j - 831. What is the remainder when j is divided by 62?
61
Suppose -4*s = -128 + 52. What is the remainder when 146/(5/(-2)*(-92)/115) is divided by s?
16
Suppose 2*l - 2*w = 4*l + 126, 2*w - 110 = 2*l. Let p = l + 67. What is the remainder when 13 is divided by p?
5
Let r be ((-36)/10)/((-3)/(-10)). Let s be (-51)/r + 9/12. Suppose s*a + 1 = 41. What is the remainder when 23 is divided by a?
7
Let w be (-3 - 6)*1 + 1. Let k(l) = 5*l**2 + 11*l - 7. Let u be k(w). Calculate the remainder when 32 is divided by u/21 + 2/7.
10
What is the remainder when (-2)/(-7) + 5764/308 is divided by 4?
3
Suppose -4*i - 3*a = -5*a - 10, 25 = 4*i + a. Calculate the remainder when 37 is divided by i.
2
Suppose -461*l = -467*l + 396. Calculate the remainder when l is divided by 22.
0
Let k = -32 + 55. What is the remainder when -10 - (-21 + 11) - (-43 + 1) is divided by k?
19
Suppose 15*s - 4*h = 12*s + 185, 4*s + h - 234 = 0. Calculate the remainder when s is divided by 1.
0
Let n(j) = -j**2 - 15*j + 197. Calculate the remainder when n(-21) is divided by 8.
7
Let b = 284 - 135. What is the remainder when b is divided by 38?
35
Suppose -10*a = -7*a - 6. Suppose -a*i + 131 = 3*d, 3*i + 3*d - 260 = -59. Let f(z) = 2*z**2 - 2*z - 6. What is the remainder when i is divided by f(-3)?
16
Suppose 0*l - 68 = -4*i - 2*l, 4*l - 46 = -2*i. Calculate the remainder when 73 is divided by (19/3)/(5/i).
16
Let t = -156 - -233. Let a = t + -23. Calculate the remainder when a is divided by 7.
5
Suppose 0 = 3*w - 6 - 6. Let n = 16 + w. Calculate the remainder when n is divided by 11.
9
Suppose -3*l - 2*x = l - 30, 0 = -3*l + 3*x. Let u(k) = k**2 - 24*k + 36. What is the remainder when u(23) is divided by l?
3
Let d(o) be the second derivative of -2/3*o**3 + 0 + 2*o + 1/2*o**2. Calculate the remainder when d(-11) is divided by 12.
9
Suppose 104 = 2*c - 150. Suppose k - 5*a = 37, -2*a + c = 5*k + 2*a. Suppose i - k = -2*i. Calculate the remainder when 33 is divided by i.
6
Let j(g) = g**2 - 32*g + 170. Calculate the remainder when j(35) is divided by 41.
29
Let n be 1*(-3 + 0 - -6). Suppose u - 40 = -u - 4*p, 24 = u + n*p. Calculate the remainder when 59 is divided by u.
11
Let k(v) = -4*v**2 + 6*v - 6. Let q be k(-4). Let h = q - -124. What is the remainder when 55 is divided by h?
25
Suppose 32 + 17 = 7*s. What is the remainder when 2 - 2 - (0 + -19) is divided by s?
5
Let n(z) = -144*z - 66. Let j be 1*9*(4 - 7). Let i(r) = -11*r - 5. Let x(d) = j*i(d) + 2*n(d). Calculate the remainder when x(2) is divided by 12.
9
Let c be 10